{"id":771,"date":"2008-07-31T19:52:16","date_gmt":"2008-07-31T17:52:16","guid":{"rendered":"http:\/\/tour-en-blog.de\/?page_id=771"},"modified":"2013-02-04T13:36:20","modified_gmt":"2013-02-04T12:36:20","slug":"presse-press","status":"publish","type":"page","link":"https:\/\/tour-en-blog.de\/?page_id=771","title":{"rendered":"Presse :: press :: prensa"},"content":{"rendered":"<p>Fremde abseits der Touristenrouten erregen Aufmerksamkeit, Radfahrer erst recht, wir auf unseren UFOs (unbekannte fahrende Objekte) sowieso &#8211; gelegentlich auch die von Presseleuten.<br \/>\nViele Interviews gab es inzwischen. Leider gelingt es nicht immer, in den Besitz des Materials zu gelangen.<\/p>\n<p>Hier unsere kleine, illustre Sammlung von Berichten aus aller Welt &#8211; unsere Reise wiedergegeben in verschiedensten Sprachen.<\/p>\n<table border=\"1\" frame=\"void\" rules=\"rows\" style=\"margin-top: 30px; font-size:0.9em\">\n<tr style=\"vertical-align: top;\" id=\"Presse18\">\n<td style=\"padding: 15px 15px 15px 0\">\n<img loading=\"lazy\" decoding=\"async\" src=\"http:\/\/tour-en-blog.de\/wp-content\/uploads\/Presse\/18 - 2012-05-20 - Deutschland - RPR1, Mein Abenteuer.jpg\" width=\"100\" height=\"100\" border=\"0\" alt=\"RPR1, Mein Abenteuer, Rheinland Pfalz\/Deutschland, 20.05.2012\" style=\"margin-top: 5px\" \/>\n<\/td>\n<td style=\"padding: 20px 0 15px 0\">\n<embed src=\"http:\/\/tour-en-blog.de\/wp-content\/uploads\/Video\/player.swf\" width=\"334\" height=\"24\" allowscriptaccess=\"always\" wmode=\"transparent\" flashvars=\"file=http:\/\/tour-en-blog.de\/wp-content\/uploads\/Presse\/18 - 2012-05-20 - Deutschland - RPR 1, Mein Abenteuer.mp3&#038;duration=1414\"><\/p>\n<p><\/p>\n<p style=\"margin: 0\">Rheinland Pfalz\/Deutschland, 20.05.2012<br \/>\nMein Abenteuer, Radio RPR 1<br \/>\nzu Gast in Europas erfolgreichster Radioreisesendung\n<\/p>\n<\/td>\n<\/tr>\n<tr style=\"vertical-align: top;\" id=\"Presse17\">\n<td style=\"padding: 15px 15px 15px 0\">\n<p style=\"margin: 0\"><a href=\"http:\/\/tour-en-blog.de\/wp-content\/uploads\/Presse\/17 - 2012-04-28 - Deutschland - SPEZI 2012 Messekatalog.pdf\" title=\"SPEZI Spezialradmesse 2012 Messekatalog\/Deutschland, 28.04.2012\" target=\"_self\"><img loading=\"lazy\" decoding=\"async\" src=\"http:\/\/tour-en-blog.de\/wp-content\/uploads\/Presse\/17 - 2012-04-28 - Deutschland - SPEZI 2012 Messekatalog - thumbnail.gif\" width=\"100\" height=\"274\" border=\"0\" alt=\"SPEZI Spezialradmesse 2012 Messekatalog\/Deutschland, 28.04.2012\" style=\"margin-top: 5px\" \/>\n<\/td>\n<td style=\"padding: 15px 0 15px 0\">\n<p style=\"margin: 0\">Germersheim\/Deutschland, 28.04.2012<br \/>\nSPEZI Spezialradmesse 2012 Messekatalog<br \/>\n&#8222;Die Welt im Liegen&#8220;<br \/>\nMit dem Liegerad um die Erde<br \/>\nMehr als 42.000 Kilometer durch 41 L\u00e4nder<br \/>\n809 Tage Abenteuer<br \/>\nvon Thomas Richter\n<\/p>\n<\/td>\n<\/tr>\n<tr style=\"vertical-align: top;\" id=\"Presse16\">\n<td style=\"padding: 15px 15px 15px 0\">\n<p style=\"margin: 0\"><a href=\"http:\/\/tour-en-blog.de\/wp-content\/uploads\/Presse\/16 - 2011-04-20 - Deutschland - RADtouren 3-11.pdf\" title=\"RADtouren - Das Radreise-Magazin Ausgabe 3\/11 \/Deutschland, 20.04.2011\" target=\"_self\"><img loading=\"lazy\" decoding=\"async\" src=\"http:\/\/tour-en-blog.de\/wp-content\/uploads\/Presse\/16 - 2011-04-20 - Deutschland - RADtouren 3-11 - thumbnail.jpg\" width=\"100\" height=\"67\" border=\"0\" alt=\"RADtouren 3\/11 \/Deutschland, 20.04.2011\" style=\"margin-top: 5px\" \/>\n<\/td>\n<td style=\"padding: 15px 0 15px 0\">\n<p style=\"margin: 0\">Deutschland, 20.04.2011<br \/>\nRADtouren &#8211; Das Radreise-Magazin Ausgabe 3\/11<br \/>\n&#8222;Besser am Berg&#8220;<br \/>\nBergetappen und Liegerad\n<\/p>\n<\/td>\n<\/tr>\n<tr style=\"vertical-align: top;\" id=\"Presse15\">\n<td style=\"padding: 15px 15px 15px 0\">\n<p style=\"margin: 0\"><a href=\"http:\/\/tour-en-blog.de\/wp-content\/uploads\/Presse\/15 - 2011-02-23 - Deutschland - RADtouren 2-11 - 01.pdf\" title=\"RADtouren - Das Radreise-Magazin Ausgabe 2\/11 Seite 40-41\/Deutschland, 23.02.2011\" target=\"_self\"><img loading=\"lazy\" decoding=\"async\" src=\"http:\/\/tour-en-blog.de\/wp-content\/uploads\/Presse\/15 - 2011-02-23 - Deutschland - RADtouren 2-11 - 01 - thumbnail.jpg\" width=\"100\" height=\"68\" border=\"0\" alt=\"RADtouren 2\/11 S.40-41\/Deutschland, 23.02.2011\" style=\"margin-top: 5px\" \/><\/a><br \/>\n<\/p>\n<p style=\"margin: 0\"><a href=\"http:\/\/tour-en-blog.de\/wp-content\/uploads\/Presse\/15 - 2011-02-23 - Deutschland - RADtouren 2-11 - 02.pdf\" title=\"RADtouren - Das Radreise-Magazin Ausgabe 2\/11 Seite 48-49\/Deutschland, 23.02.2011\" target=\"_self\"><img loading=\"lazy\" decoding=\"async\" src=\"http:\/\/tour-en-blog.de\/wp-content\/uploads\/Presse\/15 - 2011-02-23 - Deutschland - RADtouren 2-11 - 02 - thumbnail.jpg\" width=\"100\" height=\"68\" border=\"0\" alt=\"RADtouren 2\/11 S.48-49\/Deutschland, 23.02.2011\" style=\"margin-top: 5px\" \/><\/a>\n<\/td>\n<td style=\"padding: 15px 0 15px 0\">\n<p style=\"margin: 0\">Deutschland, 23.02.2011<br \/>\nRADtouren &#8211; Das Radreise-Magazin Ausgabe 2\/11<br \/>\n&#8222;Zu Gast bei Radnomaden<br \/>\nWenn Radreisende Entfernungen in 1.000-Kilometerschritten angeben, dann<br \/>\nreden wahrscheinlich Long Distance Biker.&#8220;<br \/>\nDie Long Distance Biker der Cycolonia 2010 im Interview.\n<\/p>\n<\/td>\n<\/tr>\n<tr style=\"vertical-align: top;\" id=\"Presse14\">\n<td style=\"padding: 15px 15px 15px 0\">\n<p style=\"margin: 0\"><a href=\"http:\/\/tour-en-blog.de\/wp-content\/uploads\/Presse\/14 - 2010-09-28 - Deutschland - Fahrrad Weltf\u00fchrer.pdf\" title=\"Fahrrad Weltf\u00fchrer\/Deutschland, 28.09.2010\" target=\"_self\"><img loading=\"lazy\" decoding=\"async\" src=\"http:\/\/tour-en-blog.de\/wp-content\/uploads\/Presse\/14 - 2010-09-28 - Deutschland - Fahrrad Weltf\u00fchrer - thumbnail.jpg\" width=\"75\" height=\"100\" border=\"0\" alt=\"Fahrrad Weltf\u00fchrer\/Deutschland, 28.09.2010\" style=\"margin-top: 5px\" \/><\/a>\n<\/td>\n<td style=\"padding: 15px 0 15px 0\">\n<p style=\"margin: 0\">Deutschland, 28.09.2010<br \/>\nFahrrad Weltf\u00fchrer<br \/>\n&#8222;Ein Pl\u00e4doyer f\u00fcr das Liegerad&#8220;<br \/>\nvon Thomas Richter<br \/>\nDas &#8222;Standardwerk f\u00fcr alle (&#8218;Bibel f\u00fcr Radnomaden&#8216;), die per Rad oder Mountainbike querweltein [&#8230;] auf die &#8218;lange Meile&#8216; gehen wollen&#8220;, benennt nun auch das Liegerad als Alternative.\n<\/p>\n<\/td>\n<\/tr>\n<tr style=\"vertical-align: top;\" id=\"Presse13\">\n<td style=\"padding: 15px 15px 15px 0\">\n<p style=\"margin: 0\"><a href=\"http:\/\/tour-en-blog.de\/wp-content\/uploads\/Presse\/13 - 2010-03-26 - Deutschland - aktiv Radfahren.pdf\" title=\"aktiv Radfahren\/Deutschland, 26.03.2010\" target=\"_self\"><img loading=\"lazy\" decoding=\"async\" src=\"http:\/\/tour-en-blog.de\/wp-content\/uploads\/Presse\/13 - 2010-03-26 - Deutschland - aktiv Radfahren - thumbnail.jpg\" width=\"75\" height=\"100\" border=\"0\" alt=\"aktiv Radfahren\/Deutschland, 26.03.2010\" style=\"margin-top: 5px\" \/><\/a>\n<\/td>\n<td style=\"padding: 15px 0 15px 0\">\n<p style=\"margin: 0\">Deutschland, 26.03.2010<br \/>\naktiv Radfahren 3\/2010<br \/>\n&#8222;Die Welt im Liegen&#8220;<br \/>\nMit dem Liegerad einmal um die Welt &#8211; 809 Tage Abenteuer in 41 L\u00e4ndern, mehr als 42000 Rad-Kilometer<br \/>\nvon Thomas Richter\n<\/p>\n<\/td>\n<\/tr>\n<tr style=\"vertical-align: top;\" id=\"Presse12\">\n<td style=\"padding: 15px 15px 15px 0\">\n<p style=\"margin: 0\"><a href=\"http:\/\/www.spiegel.de\/reise\/fernweh\/0,1518,627426,00.html\" title=\"Spiegel Online\/Deutschland, 29.05.2009\" target=\"_blank\"><img loading=\"lazy\" decoding=\"async\" src=\"http:\/\/tour-en-blog.de\/wp-content\/uploads\/Presse\/12 - 2009-05-29 - Deutschland - Spiegel Online - thumbnail.jpg\" width=\"75\" height=\"200\" border=\"0\" alt=\"Spiegel Online\/Deutschland, 29.05.2009\" style=\"margin-top: 5px\" \/><\/a>\n<\/td>\n<td style=\"padding: 15px 0 15px 0\">\n<p style=\"margin: 0\">Deutschland, 29.05.2009<br \/>\nSpiegel Online<br \/>\n&#8222;Liegend um die Welt&#8220;<br \/>\nsch\u00f6ner, l\u00e4ngerer Artikel mit guter <a href=\"http:\/\/www.spiegel.de\/fotostrecke\/fotostrecke-42901.html\" title=\"Fotostrecke auf Spiegel Online\" target=\"_blank\">Bildauswahl<\/a> auf der reichweitenst\u00e4rksten deutschsprachigen Nachrichten-website<\/a><\/p>\n<\/td>\n<\/tr>\n<tr style=\"vertical-align: top;\" id=\"Presse11\">\n<td style=\"padding: 15px 15px 15px 0\">\n<p style=\"margin: 0\"><a href=\"http:\/\/tour-en-blog.de\/wp-content\/uploads\/Presse\/11 - 2009-04-24 - Deutschland - Berliner Kurier.pdf\" title=\"Berliner Kurier Berlin\/Deutschland, 24.04.2009\" target=\"_self\"><img loading=\"lazy\" decoding=\"async\" src=\"http:\/\/tour-en-blog.de\/wp-content\/uploads\/Presse\/11 - 2009-04-24 - Deutschland - Berliner Kurier - thumbnail.jpg\" width=\"75\" height=\"100\" border=\"0\" alt=\"Berliner Kurier Berlin\/Deutschland, 24.04.2009\" style=\"margin-top: 5px\" \/><\/a><\/p>\n<\/td>\n<td style=\"padding: 15px 0 15px 0\">\n<p style=\"margin: 0\">Berlin\/Deutschland, 24.04.2009<br \/>\nBerliner Kurier<br \/>\n&#8222;Tour de Welt&#8220;<br \/>\nBei der Ankunft in Berlin wird ein Reporter des Berliner Kurier auf das Empfangskomitee aufmerksam. Das beschert Denise und mir einen netten Besuch im Berliner Verlag.<\/p>\n<\/td>\n<\/tr>\n<tr style=\"vertical-align: top;\" id=\"Presse10\">\n<td style=\"padding: 15px 15px 15px 0\">\n<p style=\"margin: 0\"><a href=\"http:\/\/tour-en-blog.de\/wp-content\/uploads\/Presse\/10 - 2008-06-20 - Argentinien - Uno - 01.jpg\" rel=\"shadowbox[sbpost-771];player=img;\" title=\"Uno Entre Rios Parana\/Argentinien, 22.12.2008\" target=\"_self\"><img loading=\"lazy\" decoding=\"async\" src=\"http:\/\/tour-en-blog.de\/wp-content\/uploads\/Presse\/10 - 2008-06-20 - Argentinien - Uno - 01 - thumbnail.jpg\" width=\"75\" height=\"100\" border=\"0\" alt=\"Uno Entre Rios Parana\/Argentinien, 22.12.2008\" style=\"margin-top: 5px\" \/><\/a><br \/>\n<a href=\"http:\/\/tour-en-blog.de\/wp-content\/uploads\/Presse\/10 - 2008-06-20 - Argentinien - Uno - 02.jpg\" rel=\"shadowbox[sbpost-771];player=img;\" title=\"Uno Entre Rios Parana\/Argentinien, 22.12.2008\" target=\"_self\"><img loading=\"lazy\" decoding=\"async\" src=\"http:\/\/tour-en-blog.de\/wp-content\/uploads\/Presse\/10 - 2008-06-20 - Argentinien - Uno - 02 - thumbnail.jpg\" width=\"75\" height=\"100\" border=\"0\" alt=\"Uno Entre Rios Parana\/Argentinien, 22.12.2008\" style=\"margin-top: 5px\" \/><\/a><br \/>\n<a href=\"http:\/\/tour-en-blog.de\/wp-content\/uploads\/Presse\/10 - 2008-06-20 - Argentinien - Uno.htm\" title=\"Uno Entre Rios Parana\/Argentinien, 22.12.2008\" target=\"_self\"><img loading=\"lazy\" decoding=\"async\" src=\"http:\/\/tour-en-blog.de\/wp-content\/uploads\/Presse\/10 - 2008-06-20 - Argentinien - Uno - thumbnail.jpg\" width=\"75\" height=\"100\" border=\"0\" alt=\"Uno Entre Rios Parana\/Argentinien, 22.12.2008\" style=\"margin-top: 5px\" \/><\/a><\/p>\n<\/td>\n<td style=\"padding: 15px 0 15px 0\">\n<p style=\"margin: 0\">Parana\/Argentinien, 22.12.2008<br \/>\nUno Entre Rios<br \/>\n&#8222;Los viajeros que salieron a conocer las maravillas del continente&#8220;<br \/>\neines von 2 Zeitungsinterviews am selben Tag<\/p>\n<\/td>\n<\/tr>\n<tr style=\"vertical-align: top;\" id=\"Presse09\">\n<td style=\"padding: 15px 15px 15px 0\">\n<p style=\"margin: 0\"><a href=\"http:\/\/tour-en-blog.de\/wp-content\/uploads\/Presse\/09 - 2008-06-20 - Ecuador - El Tiempo.htm\" title=\"El Tiempo Cuenca\/Ecuador, 20.06.2008\" target=\"_self\"><img loading=\"lazy\" decoding=\"async\" src=\"http:\/\/tour-en-blog.de\/wp-content\/uploads\/Presse\/09 - 2008-06-20 - Ecuador - El Tiempo - thumbnail.jpg\" width=\"75\" height=\"100\" border=\"0\" alt=\"El Tiempo Cuenca\/Ecuador, 20.06.2008\" style=\"margin-top: 5px\" \/><\/a><\/p>\n<\/td>\n<td style=\"padding: 15px 0 15px 0\">\n<p style=\"margin: 0\">Cuenca\/Ecuador, 20.06.2008<br \/>\nEl Tiempo<br \/>\n&#8222;Pareja de alemanes en traves\u00eda por el mundo&#8220;<\/p>\n<\/td>\n<\/tr>\n<tr style=\"vertical-align: top;\" id=\"Presse08\">\n<td style=\"padding: 15px 15px 15px 0\">\n<p style=\"margin: 0\"><a href=\"http:\/\/tour-en-blog.de\/?p=1153\" title=\"Empfang in Bogota\/Kolumbien : Video, 04.05.2008\" target=\"_self\"><img loading=\"lazy\" decoding=\"async\" src=\"http:\/\/tour-en-blog.de\/wp-content\/uploads\/Presse\/08 - 2008-05-04 - Kolumbien - CityTV, Noticias - thumbnail.jpg\" width=\"100\" height=\"75\" border=\"0\" alt=\"CityTV\/Kolumbien, 04.005.2008\" style=\"margin-top: 5px\" \/><\/a>\n<\/td>\n<td style=\"padding: 15px 0 15px 0\">\n<p style=\"margin: 0\">Bogota\/Kolumbien, 04.05.2008<br \/>\nCityTV, Noticias<br \/>\nVon Elisa und ihrem Papa eingef\u00e4delt, erwartet uns das Fernsehen beim Erreichen Bogotas. Netter Fernsehbeitrag in den Abendnachrichten. Noch 4 Wochen sp\u00e4ter vor der Grenze zu Ecuador erkennt man uns.<\/p>\n<\/td>\n<\/tr>\n<tr style=\"vertical-align: top;\" id=\"Presse07\">\n<td style=\"padding: 15px 15px 15px 0\"><\/td>\n<td style=\"padding: 15px 0 15px 0\">\n<p style=\"margin: 0\">Medellin\/Kolumbien, 26.04.2008<br \/>\nTeleantioquia, Noticias<br \/>\nWir pr\u00e4sentieren unsere Lieger\u00e4der auf der 2-Rad-Messe in Medellin. In den Abendnachrichten ein Fernsehbericht \u00fcber uns. Am n\u00e4chsten Tag erkennt man uns auf der Stra\u00dfe.<\/p>\n<\/td>\n<\/tr>\n<tr style=\"vertical-align: top;\" id=\"Presse06\">\n<td style=\"padding: 15px 15px 15px 0\">\n<p style=\"margin: 0\"><a href=\"http:\/\/tour-en-blog.de\/wp-content\/uploads\/Presse\/06 - 2007-10-10 - China - Yan Zhao Metropolis Daily.jpg\" rel=\"shadowbox[sbpost-771];player=img;\" title=\"Yan Zhao Metropolis Daily, 10.10.2007\" target=\"_self\"><img loading=\"lazy\" decoding=\"async\" src=\"http:\/\/tour-en-blog.de\/wp-content\/uploads\/Presse\/06 - 2007-10-10 - China - Yan Zhao Metropolis Daily - thumbnail.jpg\" width=\"75\" height=\"100\" border=\"0\" alt=\"Yan Zhao Metropolis Daily, 10.10.2007\" style=\"margin-top: 5px\" \/><\/a><\/p>\n<\/td>\n<td style=\"padding: 15px 0 15px 0\">\n<p style=\"margin: 0\">China, 10.10.2007<br \/>\nYan Zhao Metropolis Daily<\/p>\n<\/td>\n<\/tr>\n<tr style=\"vertical-align: top;\" id=\"Presse05\">\n<td style=\"padding: 15px 10px 15px 0\">\n<p style=\"margin: 0\"><a href=\"http:\/\/tour-en-blog.de\/wp-content\/uploads\/Presse\/05 - 2007-09-22 - China - Mianyang Evening News - 01.jpg\" rel=\"shadowbox[sbpost-771];player=img;\" title=\"Mianyang Evening News Mianyang\/China, 22.09.2007\" target=\"_self\"><img loading=\"lazy\" decoding=\"async\" src=\"http:\/\/tour-en-blog.de\/wp-content\/uploads\/Presse\/05 - 2007-09-22 - China - Mianyang Evening News - 01 - thumbnail.jpg\" width=\"100\" height=\"75\" border=\"0\" alt=\"Mianyang Evening News Mianyang\/China, 22.09.2007\" style=\"margin-top: 5px\" \/><\/a><\/p>\n<p style=\"margin: 0\"><a href=\"http:\/\/tour-en-blog.de\/wp-content\/uploads\/Presse\/05 - 2007-09-22 - China - Mianyang Evening News - 02.jpg\" rel=\"shadowbox[sbpost-771];player=img;\" title=\"Mianyang Evening News Mianyang\/China, 22.09.2007\" target=\"_self\"><img loading=\"lazy\" decoding=\"async\" src=\"http:\/\/tour-en-blog.de\/wp-content\/uploads\/Presse\/05 - 2007-09-22 - China - Mianyang Evening News - 02 - thumbnail.jpg\" width=\"75\" height=\"100\" border=\"0\" alt=\"Mianyang Evening News Mianyang\/China, 22.09.2007\" style=\"margin-top: 5px\" \/><\/a><\/p>\n<\/td>\n<td style=\"padding: 15px 0 15px 0\">\n<p style=\"margin: 0\">Mianyang\/China, 22.09.2007<br \/>\nMianyang Evening News<br \/>\nzu Gast bei Mengbing, den ich in Tibet kennengelernt hatte, er war ebenfalls mit dem Rad unterwegs, Simultaninterview mit Radio, TV, Zeitung<\/p>\n<\/td>\n<\/tr>\n<tr style=\"vertical-align: top;\" id=\"Presse04\">\n<td style=\"padding: 15px 15px 15px 0\">\n<\/td>\n<td style=\"padding: 20px 0 15px 0\">\n<embed src=\"http:\/\/tour-en-blog.de\/wp-content\/uploads\/Video\/player.swf\" width=\"334\" height=\"24\" allowscriptaccess=\"always\" wmode=\"transparent\" flashvars=\"file=http:\/\/tour-en-blog.de\/wp-content\/uploads\/Presse\/04 - 2007-09-22 - China.mp3&#038;duration=243\"><\/p>\n<p><\/p>\n<p style=\"margin: 0\">Mianyang\/China, 22.09.2007<br \/>\nRadiointerview<br \/>\n1. Teil: ein B\u00fcrger aus Minyang sagt, er h\u00e4tte noch nie einen Ausl\u00e4nder mit so einem besonderen Fahrrad gesehen<br \/>\n2. Teil: Infos \u00fcber Tom und sein Rad<br \/>\n3. Teil: Interview mit Mengbing, meinem Gastgeber, der erz\u00e4hlt, wie wir uns in Tibet getroffen haben<br \/>\n4. Teil: meine Meinung zu chinesischem Essen &#8211; k\u00f6stlich, aber etwas w\u00fcrzig &#8211; meine Reise, was meine Familie von allem h\u00e4lt<\/p>\n<\/td>\n<\/tr>\n<tr style=\"vertical-align: top;\" id=\"Presse03\">\n<td style=\"padding: 15px 15px 15px 0\">\n<p style=\"margin: 0\"><a href=\"http:\/\/tour-en-blog.de\/wp-content\/uploads\/Presse\/03 - 2006-06-03 - Indien.jpg\" rel=\"shadowbox[sbpost-771];player=img;\" title=\"Dhule\/Indien, 03.06.2007\" target=\"_self\"><img loading=\"lazy\" decoding=\"async\" src=\"http:\/\/tour-en-blog.de\/wp-content\/uploads\/Presse\/03 - 2006-06-03 - Indien - thumbnail.jpg\" width=\"100\" height=\"75\" border=\"0\" alt=\"Dhule\/Indien, 03.06.2007\" style=\"margin-top: 5px\" \/><\/a><\/p>\n<\/td>\n<td style=\"padding: 15px 0 15px 0\">\n<p style=\"margin: 0\">Dhule\/Indien, 03.06.2007<\/p>\n<\/td>\n<\/tr>\n<tr style=\"vertical-align: top;\" id=\"Presse02\">\n<td style=\"padding: 15px 15px 15px 0\">\n<p style=\"margin: 0\">\n<a href=\"http:\/\/tour-en-blog.de\/wp-content\/uploads\/Presse\/02 - 2006-11-23 - Tuerkei - Kurtulus.jpg\" rel=\"shadowbox[sbpost-771];player=img;\" title=\"Kurtulus Soma\/T\u00fcrkei, 23.11.2006\" target=\"_self\"><img loading=\"lazy\" decoding=\"async\" src=\"http:\/\/tour-en-blog.de\/wp-content\/uploads\/Presse\/02 - 2006-11-23 - Tuerkei - Kurtulus - thumbnail.jpg\" width=\"75\" height=\"100\" border=\"0\" alt=\"Kurtulus Soma\/T\u00fcrkei, 23.11.2006\" style=\"margin-top: 5px\" \/><\/a><\/p>\n<\/td>\n<td style=\"padding: 15px 0 15px 0\">\n<p style=\"margin: 0\">Soma\/T\u00fcrkei, 23.11.2006<br \/>\nKurtulus<br \/>\n&#8222;D\u00fcnya turuna cikan Alman turistler Soma&#8217;da&#8220;<br \/>\nbeim B\u00fcrgermeister im t\u00fcrkischen Soma<\/p>\n<p><a href=\"http:\/\/tour-en-blog.de\/wp-content\/uploads\/Presse\/02 - 2006-11-23 - Tuerkei - Kurtulus - deutsch.htm\" title=\"Kurtulus Soma\/T\u00fcrkei, 23.11.2006 - deutsche \u00dcbersetzung\" target=\"_self\">deutsche \u00dcbersetzung des Zeitungsartikels<\/a>\n<\/p>\n<\/td>\n<\/tr>\n<tr style=\"vertical-align: top;\" id=\"Presse01\">\n<td style=\"padding: 15px 15px 15px 0\">\n<p style=\"margin: 0\">\n<a href=\"http:\/\/tour-en-blog.de\/wp-content\/uploads\/Presse\/01 - 2006-10-23 - Deutschland - Lausitzer Rundschau.pdf\" title=\"Lausitzer Rundschau Elsterwerda\/Deutschland, 23.10.2006\" target=\"_self\"><img loading=\"lazy\" decoding=\"async\" src=\"http:\/\/tour-en-blog.de\/wp-content\/uploads\/Presse\/01 - 2006-10-23 - Deutschland - Lausitzer Rundschau - thumbnail.jpg\" width=\"100\" height=\"75\" border=\"0\" alt=\"Lausitzer Rundschau Elsterwerda\/Deutschland, 23.10.2006\" style=\"margin-top: 5px\" \/><\/a><\/p>\n<\/td>\n<td style=\"padding: 15px 0 15px 0\">\n<p style=\"margin: 0\">Elsterwerda\/Deutschland, 23.10.2006<br \/>\nLausitzer Rundschau<br \/>\n&#8222;\u00dcber ein Jahr auf dem Sattel &#8211; Von Berlin \u00fcber Elsterwerda mit dem Fahrrad einmal um die Welt&#8220;<br \/>\nunser erster voller Fahrtag, Pause vor dem Schloss in Elsterwerda, 1. Zeitungsinterview<\/p>\n<\/td>\n<\/tr>\n<\/table>\n","protected":false},"excerpt":{"rendered":"<p>Fremde abseits der Touristenrouten erregen Aufmerksamkeit, Radfahrer erst recht, wir auf unseren UFOs (unbekannte fahrende Objekte) sowieso &#8211; gelegentlich auch die von Presseleuten. Viele Interviews gab es inzwischen. Leider gelingt es nicht immer, in den Besitz des Materials zu gelangen. Hier unsere kleine, illustre Sammlung von Berichten aus aller Welt &#8211; unsere Reise wiedergegeben in [&hellip;]<\/p>\n","protected":false},"author":1,"featured_media":0,"parent":0,"menu_order":0,"comment_status":"open","ping_status":"closed","template":"","meta":{"footnotes":""},"_links":{"self":[{"href":"https:\/\/tour-en-blog.de\/index.php?rest_route=\/wp\/v2\/pages\/771"}],"collection":[{"href":"https:\/\/tour-en-blog.de\/index.php?rest_route=\/wp\/v2\/pages"}],"about":[{"href":"https:\/\/tour-en-blog.de\/index.php?rest_route=\/wp\/v2\/types\/page"}],"author":[{"embeddable":true,"href":"https:\/\/tour-en-blog.de\/index.php?rest_route=\/wp\/v2\/users\/1"}],"replies":[{"embeddable":true,"href":"https:\/\/tour-en-blog.de\/index.php?rest_route=%2Fwp%2Fv2%2Fcomments&post=771"}],"version-history":[{"count":30,"href":"https:\/\/tour-en-blog.de\/index.php?rest_route=\/wp\/v2\/pages\/771\/revisions"}],"predecessor-version":[{"id":1055,"href":"https:\/\/tour-en-blog.de\/index.php?rest_route=\/wp\/v2\/pages\/771\/revisions\/1055"}],"wp:attachment":[{"href":"https:\/\/tour-en-blog.de\/index.php?rest_route=%2Fwp%2Fv2%2Fmedia&parent=771"}],"curies":[{"name":"wp","href":"https:\/\/api.w.org\/{rel}","templated":true}]}}